Calculate the highest common divisor of p and g.
18
Suppose 6*p - 65 = 7. What is the highest common divisor of 60 and p?
12
Let c be ((-21)/6)/(2/(-60)). Let m be 0*(6 - 2 - 3). Suppose m*i + 3*i = 5*f - 60, -i - 40 = -3*f. Calculate the greatest common factor of c and f.
15
Suppose 0 = -9*w + 16 + 38. Calculate the highest common divisor of 2 and w.
2
Let i = 34 + -14. Let t = -3 - -3. Let b be i - (-1 + 1 + t). What is the greatest common divisor of 8 and b?
4
Let u(o) = -o**2 + 3. Let h be u(0). Suppose 4*r + 2*n = 0, 2*n = -1 - h. Calculate the greatest common divisor of 11 and r.
1
Suppose 0*m = -4*m + 12. Let u be ((-252)/(-70))/(m/10). Calculate the greatest common factor of u and 108.
12
Suppose 0*h + 15 = -5*h. Let c be h/(-18) + 1258/12. What is the greatest common factor of c and 15?
15
Suppose 9*t - 10*t = -k + 19, -2*t + 10 = 0. Suppose 19 = -4*u - x - 2*x, 10 = -5*u - x. Let a = u + 4. What is the greatest common factor of k and a?
3
Let h(b) = -b - 8. Suppose 2*i + 0*i = -20. Let k be h(i). Calculate the highest common divisor of 1 and k.
1
Let j = 72 + 109. Let m = j - 117. Calculate the highest common factor of 8 and m.
8
Suppose 4 = 2*g - 0. Calculate the highest common divisor of 2 and g.
2
Let p = 205 + 81. Suppose -2*w + 5*n + p = -0*n, -3*n = 0. Let i be (-1 + 0)/(2/(-26)). Calculate the greatest common divisor of w and i.
13
Suppose 3*d - 42 = 6*d. Let w = -9 - d. Calculate the highest common factor of 25 and w.
5
Let h = -8 - -15. Suppose -3*r + h*r = 120. What is the highest common divisor of r and 20?
10
Let q be ((-6)/(-4) + -3)*-2. Suppose -q*x - i + 34 = 0, 2*x = -0*i + i + 16. What is the greatest common factor of 50 and x?
10
Let y = 12 + -7. Let b(j) = j**2 - j + 5. Let x be b(y). Calculate the greatest common factor of 200 and x.
25
Suppose -4*c + 70 = 5*z, 3*c - 18 - 17 = -2*z. Calculate the highest common divisor of 110 and z.
10
Let w = -2 - 11. Let u = -9 - w. Calculate the greatest common divisor of u and 16.
4
Let m(t) = -t + 1. Let j(s) = -1. Let c(h) = 3*j(h) - m(h). Let r be c(8). What is the highest common factor of 10 and r?
2
Let k be (-1)/(4/(-784)*2). What is the greatest common factor of 14 and k?
14
Let u be (-1)/(-3) + 275/(-15). Let k = 4 - u. Calculate the greatest common factor of k and 176.
22
Let i = -47 + 66. Let s be 2/6 + (-56)/(-3). Calculate the greatest common factor of s and i.
19
Let h be (-1586)/(-16) - (-6)/(-48). Calculate the highest common divisor of h and 11.
11
Let l be ((-54)/(-3) + 0)/2. Let z = l + -7. What is the highest common divisor of 10 and z?
2
Let b = -114 + 79. Let g = b - -95. Let a(n) = 5*n**2 + 2*n. Let h be a(2). Calculate the highest common divisor of h and g.
12
Let d = 47 + -49. Let s = -25 + 13. Let o be d/(-4) + (-1398)/s. What is the highest common factor of 13 and o?
13
Suppose 4*s + 3*i - 13 - 4 = 0, s + i = 3. Calculate the greatest common factor of 20 and s.
4
Suppose 4*b - 2*l + 216 = 0, b + l - 6*l + 63 = 0. Let m = b - -93. What is the greatest common divisor of m and 10?
10
Let j be 1*-3 + (443 - -4). Suppose 4*b = 2*w - j, -b + 879 = 4*w - 0*w. Suppose 0 = -p + 18 + 2. Calculate the greatest common divisor of p and w.
20
Suppose -2*h = -5*g - 31 + 10, -4*h + 17 = -5*g. Let x be 9/h*20/(-6). What is the greatest common factor of 5 and x?
5
Suppose -2*h + 124 = -0*s + 4*s, 0 = -2*s - 4*h + 62. Calculate the highest common divisor of s and 248.
31
Let y be (-176 - 6)*3/(-6). Suppose -29 = -4*h + 23. Calculate the highest common factor of y and h.
13
Suppose 348 - 51 = 9*a. Let r be ((-210)/(-2) - 0) + 0. Suppose b + a = r. Calculate the greatest common factor of b and 8.
8
Let d = 8 - 11. Suppose 0 - 3 = -3*c. Let r be 17/(d/(-3)) - c. What is the highest common factor of r and 48?
16
Suppose y - 2 - 3 = 0. Let x be (y/1)/(5/15). What is the greatest common divisor of x and 45?
15
Let x = 111 + -48. Suppose 0 = -5*o + 32 + 178. What is the highest common divisor of x and o?
21
Suppose 3*k + k = 0. Suppose w + 3*z - 31 = k, 0 = w - 0*w - 3*z - 25. Let a be (w/10)/((-1)/(-5)). Calculate the greatest common divisor of 2 and a.
2
Let h(d) = -d**2 - 7*d + 4. Suppose -3*j = l + 23, 5*j - 2*l - 3*l = -25. Let c be h(j). What is the highest common divisor of 36 and c?
4
Let j be 20*(1 + 0) + -1. Let b be (-37)/(-5) + 6/(-15). Let u = j - b. What is the highest common divisor of 132 and u?
12
Let j be 4/(-12) + 592/12. Calculate the highest common divisor of j and 7.
7
Suppose 5*x - 3*a + 16 = 38, 5*a + 30 = 5*x. Suppose -3*w = -0*w - 54. What is the highest common divisor of x and w?
2
Suppose 5*g - 8 = -33. Let t = 9 + g. Let o = 22 + -10. Calculate the highest common factor of t and o.
4
Suppose 48 = -n + c + 2*c, 3*c = 2*n + 102. Let b be (n/4)/(3/(-6)). What is the highest common factor of 3 and b?
3
Let m be (16/6)/((-14)/(-189)). What is the highest common factor of m and 4?
4
Let t be ((-1)/2*2)/((-6)/96). Calculate the highest common divisor of 64 and t.
16
Let s(w) be the third derivative of w**5/60 - w**4/4 + 4*w**3/3 - w**2. Let o be s(7). Let h = 30 - -15. What is the greatest common factor of h and o?
15
Let v(a) = 20*a**2 - 2*a + 1. Let j be v(1). Suppose j + 1 = 5*w. Suppose -w*x - 8 = -c, 81 = 4*c - x - 11. Calculate the highest common factor of 36 and c.
12
Suppose -4*l = 8*t - 3*t - 1718, -5*t = -l + 442. Calculate the greatest common factor of l and 48.
48
Let g be 2/(-13) + (-394)/(-26). What is the highest common divisor of g and 135?
15
Let z(n) be the third derivative of 7*n**4/6 - 5*n**3/6 - 2*n**2. Let j be z(5). What is the greatest common factor of 15 and j?
15
Let u be (-1)/(2 - (-7)/(-4)). Let j(p) = -10*p + 4. Let k be j(u). What is the highest common divisor of 11 and k?
11
Suppose 2*i = -0*i - 140. Let t = i - -118. What is the highest common factor of t and 12?
12
Let h = -20 + 15. Let w be (216 - h) + -1 + 5. What is the greatest common factor of 25 and w?
25
Suppose 0 = h + 4, -3*h = 2*y - 2*h - 46. Let p be (10 - -3) + (-3)/1. What is the highest common divisor of p and y?
5
Let w = -23 - -36. What is the greatest common factor of 104 and w?
13
Let x = -1 + 5. Suppose 0 = 2*d - 10, -x*o = -2*d - 0*d - 150. Calculate the greatest common factor of o and 10.
10
Suppose 20 = 7*q - 281. Calculate the greatest common divisor of q and 129.
43
Suppose 2*z = -3*z + 1120. Calculate the highest common divisor of 28 and z.
28
Suppose -3*f = 2*f - 20. Suppose 17 = f*v + 1. Calculate the greatest common divisor of v and 4.
4
Suppose 6 = -2*a, 40 = -2*v - a + 5*a. Let m = -11 - v. Calculate the highest common factor of 120 and m.
15
Let j = 11 + -2. Suppose 5*n - 490 + 85 = 0. What is the greatest common divisor of n and j?
9
Let r(s) = s**3 + 6*s**2 + 4*s - 2. Let o be r(-4). What is the greatest common factor of o and 14?
14
Let x = 13 - 7. What is the highest common factor of 3 and x?
3
Suppose -5*s = -1034 + 374. Suppose -528 = -5*y + s. Let o = -8 + 20. What is the highest common factor of o and y?
12
Suppose -3*b + 3 = 5*y, -7 = y - 5*b - 2. Suppose y = q + 2*q - 21. What is the greatest common divisor of 7 and q?
7
Let c(t) = t**2 + 6*t + 3. Let s be c(-6). Suppose -s*d + 8*d = 90. Calculate the highest common factor of 6 and d.
6
Let p be 78/4*(-4)/(-2). Suppose 0 = -4*j + 7*j - p. Calculate the highest common divisor of j and 91.
13
Suppose -10 = -4*b - 2*j, -2*b + j + 5 = -10. Suppose -b*g = -107 + 27. Let y = 20 + -12. Calculate the greatest common factor of y and g.
8
Suppose x = -4*t + 3*x - 66, 15 = -3*x. Suppose -7*l + 3*l - 108 = 0. Let q = t - l. What is the greatest common divisor of q and 2?
2
Let w be 15 - (4 - -2)/2. Let t be 8/w*9/3. What is the highest common divisor of t and 18?
2
Let u(w) = -w**2 + 5*w + 3. Let v be u(5). What is the highest common divisor of v and 2?
1
Let b(z) = 10*z - 6. Let j be b(2). What is the highest common divisor of 56 and j?
14
Let l be (1/(-1) - 87)*(-21 + 20). What is the greatest common factor of 11 and l?
11
Suppose -i + 452 + 118 = 4*g, 4*i = 5*g - 723. Suppose -2*v - 39 = -5*v. What is the greatest common factor of v and g?
13
Let r = 40 - -78. What is the highest common divisor of 59 and r?
59
Let f be ((-15)/(-6))/((-1)/(-2)). Calculate the greatest common factor of f 